ive of 13/20*n**5 + c*n**4 + 0 - 1/2*n**2 - 5*n - 1/3*n**3. Determine x(-1).
-12
Let l(t) = 4*t - 34. Let z(c) = -c + 9. Let f(q) = -2*l(q) - 9*z(q). What is f(-9)?
-22
Suppose 3*v = -2*p + 5, -2*p - v - 7 = 3*p. Let s be 4/((-8)/6)*4/(-3). Let b(h) = 26*h + s + 28*h - 7 - 59*h. What is b(p)?
7
Let h(x) = x + 3. Suppose -3*g = -4*k + 19, 5*g + 32 = 2*k + 5. Determine h(g).
-2
Suppose 13*d = 4*d + 36. Let q(w) = 14*w + 12*w - 3*w**2 + 3 + d*w**2 - 30*w. Give q(2).
-1
Let t(s) = 3*s + 1. Let h(m) = -m**2 - 21*m - 6. Let g(n) = -h(n) - 5*t(n). What is g(-6)?
1
Suppose 0 = 50*y - 29*y. Let v(m) = m**3 + m + 8. What is v(y)?
8
Suppose -9 = -238*v + 235*v, d - 2*v + 1 = 0. Let y(l) = -3*l + 10. Determine y(d).
-5
Let q(a) = 7*a**2 - 4*a - a**3 + 3*a - 5*a + 9. Let j(y) = -4*y + 75. Let z be j(18). Suppose 2*u = 2*c + 16, z*u + 2*c - 20 = 3*c. Calculate q(u).
9
Let k(d) = 2*d**2 - 3*d + 4. Let x = 130 + -122. Let w be 2*2*6/x. Give k(w).
13
Let a be (-81)/(-12) - (-3)/12. Let v = 4 - a. Let h(n) be the second derivative of n**5/20 + n**4/6 + n**3/3 + 3*n**2/2 - 107*n. Determine h(v).
-12
Let b(g) = -g + 3. Let s be b(7). Let y(v) be the first derivative of 3*v**2/2 + 6*v + 5. What is y(s)?
-6
Let v(r) = 2*r - 7. Let n be v(6). Suppose q + 6*i = 4*i - 1, -n*q + 21 = -3*i. Let l(w) = -w**2 + w + 4 + 2 + 2*w**2 - w**q + 0. Determine l(0).
6
Let p(m) be the third derivative of -17*m**2 + 0 + 0*m + 1/24*m**4 - 5/6*m**3. What is p(-7)?
-12
Suppose -2*k + 3*c + 16 = 0, -k - 2*c = 1 + 5. Let p(r) be the first derivative of -2 - 3*r - 1/2*r**k. Determine p(-5).
2
Let d(x) = 22*x**3 - 23*x**3 - x + 10*x - 8 + 5*x**2. Determine d(6).
10
Let v be ((-10)/25)/((-2)/(-20)). Suppose 0 = 3*m + 4*h - 22, 3*m + 6*h - 10*h - 62 = 0. Let d(n) = -2 + m*n - 5*n**2 - 11*n + 6*n**2. Determine d(v).
2
Let s(h) be the third derivative of -5*h**4/24 - h**3/2 - 67*h**2. What is s(-2)?
7
Let c(g) = 2*g**2 - 9*g - 6. Let i(b) = -4*b**2 + 15*b + 11. Let a(p) = 5*c(p) + 3*i(p). Calculate a(-3).
-15
Let o(f) = -5 + 7*f - 15*f**2 + 3*f**2 + 0*f**2 - 2*f + 6*f**2. Calculate o(2).
-19
Let j be (-1 - (-1 - -1))*-2. Let d(t) = -12*t - 1 - t**j + 17*t + 0*t**2. Determine d(5).
-1
Let r(u) = 5 + u**3 - 4*u + 6*u - 2. Suppose c - 4*a = -20, -6*c + 5*a = -2*c + 25. Let n be c + -1 - (-3)/(-3). Calculate r(n).
-9
Let f(k) = k + 7. Let s = 66 + -66. Suppose -2*t + s*t = -10. What is f(t)?
12
Let c(s) = s**3 + s**2 - 4*s. Let i(y) = -7*y + 3*y + 1 + 1 + 15. Let q be i(5). What is c(q)?
-6
Let t(g) = -g**3 + 2*g**2 + 2*g - 3. Let h(y) = y**2 + 10*y - 8. Let v be -2 + 18/3 - 21. Let r = -28 - v. Let n be h(r). Calculate t(n).
-6
Let w(x) = -8*x**2 - 8*x - 11. Let i(n) = -3*n**2 - 3*n - 4. Let r(t) = -11*i(t) + 4*w(t). Let f be (-22)/6 + (-40)/(-60). Determine r(f).
6
Suppose 60 = -2*t - 5*m - 0*m, 3*t + 5*m = -80. Let k = t - -40. Let s = -15 + k. Let o(l) = -l**3 + 4*l**2 + 6*l + 3. What is o(s)?
8
Let h be (-7 - (4 - 9))*1. Let y be (10/(-3))/(-5)*6. Let j(l) = y*l - 1 + 0 - 1. Determine j(h).
-10
Suppose -2*t - 2 = 2*l, -36*l + 35*l = -5*t - 23. Let r(j) = j**2 - 2*j. What is r(l)?
3
Let q(c) = c + 17. Let l be q(-15). Let d(a) = 4*a**3 - 5*a**2 + 7*a. Let y(f) = 3*f**3 - 4*f**2 + 6*f. Let h(b) = 5*d(b) - 6*y(b). Determine h(l).
10
Let t(s) be the third derivative of -s**8/6720 + s**7/420 - s**6/144 - s**5/24 - 11*s**4/24 + 7*s**2. Let c(d) be the second derivative of t(d). Determine c(5).
-5
Let q(m) = -m**3 + 4*m**2 - 3*m. Let k(r) = r**3 - 2*r**2 - 2. Let n be k(3). Let c be 1/n*2 + (-323)/(-119). What is q(c)?
0
Let x(r) = -r**2 + 4*r + 40. Let o be x(9). Let k(g) = g**3 + 5*g**2 + 2*g - 4. Calculate k(o).
-14
Suppose 2*r = -2*r + 192. Let h = r - 42. Let x(a) = a**3 - 5*a**2 - 7*a - 5. Give x(h).
-11
Suppose -15 = -3*a, 0*v = 2*v + 2*a - 24. Suppose 2*q + v - 15 = 0. Let u be (3 - q) + -1 + -5. Let p(m) = m**3 + 7*m**2 - 4. What is p(u)?
-4
Let l(d) = -5*d + 1. Let b be (-4)/((-168)/49)*6. Determine l(b).
-34
Let t(z) = -2 - z**3 - z**2 - 3 + 3 + 3. Suppose 0 = 3*y + o + 3, -10*o + 13 = y - 5*o. What is t(y)?
5
Let q(l) = -l**3 - 2*l**2 + 4*l + 3. Suppose -4*f + 44 = -3*a + 8*a, -3*f + 24 = 3*a. Suppose z + 2*d - a = -3*d, 4*z + 4*d = 0. Give q(z).
0
Suppose -3*i - 27 = -0*i + 4*t, 11 = -4*i + 3*t. Let l be (-34)/i + (-4)/(-20). Let h(u) = l*u + u**2 - 3 + 6 - 3. Determine h(-6).
-6
Suppose 3*k = -2*k - 2*c + 2, -5*k + 5*c = -30. Let x(o) = -12*o - 6. Calculate x(k).
-30
Let b(n) = 33*n - 173. Let f be b(5). Let q(y) = y**3 + 8*y**2 - 2*y - 15. Determine q(f).
1
Let g(b) be the first derivative of 3*b**4/4 + b**3/3 - b**2/2 - 2. Suppose -1 = 5*v - s - 2, 0 = -5*v - 5*s + 25. Determine g(v).
3
Let c(g) = g**3 + 16*g**2 + 4*g - 8*g**2 + 6 - 4*g**2 - 9*g**2. What is c(5)?
26
Suppose -3*x + 2 = 5*f - 29, -13 = -x - f. Let z(r) = 0*r + 22 + r**2 - 9*r - 2*r**2 - x. Give z(-10).
-5
Let h(q) = -18*q - 3. Suppose -26*t + 8 = -30*t. Calculate h(t).
33
Let u(k) = -k**2 + k + 3. Suppose -65 = -7*c - 6*c. Determine u(c).
-17
Suppose -4*t - 26 = 14. Let u(f) = -2*f**2 - 21*f - 10. Give u(t).
0
Let m(r) be the first derivative of r**4/4 - 10*r**3/3 + 3*r**2 - 8*r + 151. Give m(9).
-35
Let g(k) be the third derivative of 7*k**5/60 - k**4/24 - 7*k**2. Suppose 5*m - 6 = 2*m. Suppose 3 = z + m. What is g(z)?
6
Let t(k) = -k + 12. Let n = -30 - -38. Suppose -6*s = -2*s - n, -3*s = -v - 6. Determine t(v).
12
Suppose 3*a - 8*a = 35. Let c(i) = -i + 1. Let w(j) = -2*j + 1. Let z(g) = 3*c(g) - 2*w(g). Let l(d) = 3*d + 15. Let b(x) = l(x) - 2*z(x). Determine b(a).
6
Let r be (1 - -1)*3/2. Let z be r/(-2 + (2 - 1)). Let x(t) be the second derivative of t**5/20 + t**4/6 - 2*t**3/3 - 3*t**2/2 + 278*t. Determine x(z).
0
Let p = -479 + 479. Let n(i) be the second derivative of -1/12*i**4 - i**2 + 0*i**3 + p - i. Determine n(0).
-2
Let a(k) = 9*k**3 - 3 - 1 - 15*k**3 + 6*k + 7*k**3 + 8*k**2. Let f be 1/2*(-1 - 13). Determine a(f).
3
Let n(p) = -4*p. Let h be (-114)/20 - (-90)/(-300). Give n(h).
24
Let b(d) = d**3 - 4*d**2 + d - 1. Let o(y) = y - 9. Let l be o(9). Suppose -5 = 6*c - 5*c. Let t be 2/c*(-10 - l). Give b(t).
3
Let z(u) = -u**3 + 4*u**2 - 9*u + 5. Let s be z(2). Let q(l) = 3*l**2 + 16*l + 8. Give q(s).
3
Let s = 221 + -219. Let q(j) = j**3 + 4*j**2 - 6*j + 2. Let k(m) = m**2 - m. Let l(t) = -3*k(t) + q(t). Give l(s).
8
Let n be (2 - 2)/(1*-2). Suppose 68 = -7*i - 23. Let u(q) = -11*q - 10. Let g(b) = -5*b - 5. Let w(c) = i*g(c) + 6*u(c). Calculate w(n).
5
Let r(v) = v**3 - v**2 - 5*v + 2. Let j be r(3). Let l = -19 - j. Let x = l - -19. Let c(o) = -o**2 - 5*o - 4. Give c(x).
-4
Let k(v) = -2*v + 3. Let x(u) = u**3 + 17*u**2 - 18*u + 4. Let g be x(-18). Suppose -1 = -d - g*t - 25, 5*d = -t - 25. What is k(d)?
11
Suppose 4*i = 5*b - 3, 4 = -4*i + 2*b - 2. Let r = i - 3. Let o(v) = 5 + 4*v + v**2 - 11*v + 14*v. Give o(r).
-5
Let f be 6*(-1)/(-12)*(-12)/(-6). Let c(n) = n - 2. Give c(f).
-1
Let c(x) be the third derivative of -1/60*x**5 + 10*x**2 + 0*x + 0*x**3 + 0 + 1/8*x**4 - 1/120*x**6. Calculate c(-3).
9
Suppose 4*q = 4*m - 24, 3 = 4*m - 3*q - 23. Suppose m*y = -3 - 5. Let k(w) = -12*w**2 + w + 1. What is k(y)?
-12
Let k be (-2 - 0) + 2 + 4. Suppose k*n = 2*n + 10. Let d be ((2 - n)/3)/(-1). Let m(u) = 8*u**2 - u + 1. Give m(d).
8
Suppose 12*c = 15*c + 30. Let z(u) = -u**3 - 10*u**2 + u + 8. What is z(c)?
-2
Let i(m) = 8*m - 10. Let h(p) = -17*p + 23. Let v(j) = -6*h(j) - 13*i(j). Calculate v(-10).
12
Let s(f) = -f**3 - 6*f**2 - f. Let i(m) = m**3 - 18*m**2 + 44*m + 12. Let x be i(15). Give s(x).
-24
Let t(k) = -16*k**2 + 14*k - 4. Let c(b) = -8*b**2 + 6*b - 2. Let y(g) = 5*c(g) - 2*t(g). Calculate y(1).
-8
Let c(w) = 6*w**3 + w - 1. Suppose 8*s - 8 = -0*s. Determine c(s).
6
Let t be 424/(-30) + 4/30. Let y be (-14)/98 + (-16)/t. Let r(d) = 4*d**3 - 12*d**2 + 4*d + y + 11*d**2 - 3*d. Give r(-1).
-5
Let f(i) be the third derivative of -i**6/120 - 13*i**5/60 - i**3/2 + 453*i**2. Let k be (3 + 0)*13/(-3). Calculate f(k).
-3
Let p(q) = 7 - 11*q**2 + 5*q + 4*q**2 + 8*q**2. Let s(g) = -g**2 + 2*g + 3. Let a be s(4). Calculate p(a).
7
Let j = 21 - 28. Let q(m) = -m**2 - 6*m - 2. What is q(j)?
-9
Let s(x) = -x**2 - 4*x + 1. Let l = -93 + 91. Determine s(l).
5
Let h(w) be the first derivative of -w**4/4 - 4*w**